?
True
Is 4387 prime?
False
Is 12011 a prime number?
True
Is 3150709 a prime number?
True
Is 272417 prime?
True
Is 10771 prime?
True
Is 39659 prime?
True
Is 5351 a composite number?
False
Is 21334 prime?
False
Is 2879 a prime number?
True
Is 457333 prime?
True
Is 110681 a prime number?
True
Is 631121 composite?
False
Is 1409 composite?
False
Is 412831 composite?
False
Is 89459 prime?
True
Is 19103 a composite number?
True
Is 6832247 composite?
False
Is 18329 a prime number?
True
Is 380455 a composite number?
True
Is 1397 a composite number?
True
Is 918431 prime?
True
Is 1035979 prime?
False
Is 313591 prime?
False
Is 164789 prime?
True
Is 1501 prime?
False
Is 41371 composite?
True
Is 32927 prime?
False
Is 122069 composite?
False
Is 1298269 prime?
False
Is 10589 a composite number?
False
Is 4561 a prime number?
True
Is 47371 a composite number?
True
Is 4127 prime?
True
Is 33107 composite?
False
Is 186567 a composite number?
True
Is 34823 prime?
False
Is 60011 prime?
False
Is 89143 a prime number?
False
Is 28673 composite?
True
Is 144673 composite?
True
Is 9917 a prime number?
False
Is 29629 a prime number?
True
Is 410171 composite?
False
Is 58639 a composite number?
True
Is 3049581 prime?
False
Is 52981 a prime number?
True
Is 51449 composite?
False
Is 39529 a composite number?
True
Is 14047 composite?
True
Is 3299 a composite number?
False
Is 1189567 composite?
False
Is 13129 a composite number?
True
Is 35911 a composite number?
False
Is 79657 a composite number?
False
Is 56521 a prime number?
False
Is 5461 a composite number?
True
Is 1174 prime?
False
Is 10407 prime?
False
Is 4159 a prime number?
True
Is 423139 composite?
True
Is 96035 composite?
True
Is 23227 prime?
True
Is 30157 prime?
False
Is 1994 a prime number?
False
Is 84913 a composite number?
False
Is 307337 composite?
False
Is 35471 prime?
False
Is 3125473 composite?
True
Is 1511 a composite number?
False
Is 2185517 prime?
True
Is 11901 composite?
True
Is 50639 composite?
True
Is 16621 a prime number?
False
Is 100661 composite?
True
Is 1195703 a composite number?
False
Is 56981 a composite number?
True
Is 50243 prime?
False
Is 77947 a prime number?
False
Is 29031 prime?
False
Is 3183 prime?
False
Is 6632981 a composite number?
False
Is 108467 a composite number?
True
Is 631 a composite number?
False
Is 9073 prime?
False
Is 80243 prime?
False
Is 65387 composite?
True
Is 6857 a composite number?
False
Is 3503 prime?
False
Is 4201 composite?
False
Is 2801965 a prime number?
False
Is 18237 composite?
True
Is 506147 prime?
True
Is 1062361 a prime number?
True
Is 10687 a prime number?
True
Is 907043 prime?
False
Is 354493 a prime number?
False
Is 76639 composite?
True
Is 1077418 a prime number?
False
Is 242665 a composite number?
True
Is 109099 a composite number?
True
Is 14431 a composite number?
False
Is 5639 composite?
False
Is 589 a prime number?
False
Is 912727 composite?
False
Is 28961 prime?
True
Is 27955 a composite number?
True
Is 118127 prime?
True
Is 12763 composite?
False
Is 511181 composite?
True
Is 184649 composite?
False
Is 18973 a composite number?
False
Is 22247 composite?
False
Is 24457 prime?
False
Is 28879 a composite number?
False
Is 601937 prime?
False
Is 43879 a composite number?
True
Is 215279 prime?
True
Is 89 a prime number?
True
Is 23761 prime?
True
Is 9335 composite?
True
Is 52567 a composite number?
False
Is 35339 a composite number?
False
Is 15297 composite?
True
Is 15935 a composite number?
True
Is 73517 composite?
False
Is 6563 a composite number?
False
Is 73771 prime?
True
Is 7717 a prime number?
True
Is 1502 composite?
True
Is 177899 composite?
True
Is 9239 prime?
True
Is 33401 prime?
False
Is 75415 composite?
True
Is 91 a composite number?
True
Is 4535467 composite?
False
Is 52763 a prime number?
False
Is 50417 prime?
True
Is 979 composite?
True
Is 4547 composite?
False
Is 7555 composite?
True
Is 767891 a prime number?
False
Is 10711 composite?
False
Is 9727 a prime number?
False
Is 26759 a composite number?
False
Is 13553 prime?
True
Is 2721 prime?
False
Is 502643 a composite number?
False
Is 14501 a prime number?
False
Is 4831 a composite number?
False
Is 1752821 a composite number?
True
Is 10391 a prime number?
True
Is 164147 prime?
True
Is 43117 composite?
False
Is 421783 prime?
True
Is 143713 prime?
False
Is 162883 prime?
False
Is 2179 prime?
True
Is 135319 composite?
False
Is 29243 composite?
False
Is 272651 composite?
False
Is 33211 a prime number?
True
Is 3183 composite?
True
Is 100391 prime?
True
Is 5639 a composite number?
False
Is 1228919 composite?
False
Is 20477 composite?
False
Is 51257 a prime number?
True
Is 1759 composite?
False
Is 59 composite?
False
Is 463685 prime?
False
Is 171026 composite?
True
Is 1843577 a prime number?
False
Is 308251 a prime number?
False
Is 17657 a prime number?
True
Is 38899 a prime number?
False
Is 7039 a composite number?
False
Is 23087 composite?
False
Is 32749 prime?
True
Is 787 prime?
True
Is 563287 prime?
True
Is 61441 a composite number?
False
Is 2407 a composite number?
True
Is 129209 composite?
False
Is 50533 a composite number?
True
Is 573421 a prime number?
False
Is 2039 a composite number?
False
Is 193015 a prime number?
False
Is 65249 prime?
False
Is 707363 prime?
False
Is 352738 composite?
True
Is 2046401 prime?
False
Is 9091 prime?
True
Is 3907 a composite number?
False
Is 18763 a composite number?
True
Is 3749 prime?
False
Is 59407 a composite number?
False
Is 106243 prime?
True
Is 893 prime?
False
Is 6247 a prime number?
True
Is 5666131 prime?
True
Is 2805967 prime?
True
Is 63667 composite?
False
Is 5059 a composite number?
False
Is 93083 a composite number?
False
Is 142403 prime?
True
Is 28687 a prime number?
True
Is 192169 prime?
False
Is 487889 composite?
False
Is 17467 a composite number?
False
Is 2973869 a composite number?
True
Is 470863 a prime number?
True
Is 22247 composite?
False
Is 12707 a prime number?
False
Is 5381 composite?
False
Is 1151 composite?
False
Is 9107 composite?
True
Is 35101 prime?
False
Is 7354 composite?
True
Is 144379 a composite number?
False
Is 2052311 composite?
False
Is 244313 a composite number?
False
Is 35273 a prime number?
False
Is 492853 composite?
False
Is 5909 prime?
False
Is 8903 a composite number?
True
Is 43661 composite?
False
Is 459817 composite?
False
Is 84633 composite?
True
Is 19489 composite?
False
Is 115421 prime?
True
Is 1195 a composite number?
True
Is 4534 prime?
False
Is 77177 composite?
True
Is 2734 a prime number?
False
Is 282871 composite?
True
Is 1671 a composite number?
True
Is 311977 a prime number?
False
Is 18599 composite?
True
Is 1543 prime?
True
Is 19553 a composite number?
False
Is 255313 composite?
False
Is 521429 composite?
False
Is 14995 prime?
False
Is 88547 a prime number?
True
Is 97201 prime?
False
Is 17803 composite?
True
Is 1238227 composite?
True
Is 495217 a composite number?
True
Is 178753 a composite number?
False
Is 16729 prime?
True
Is 2269393 a composite number?
True
Is 212777 a composite number?
False
Is 8441 a composite number?
True
Is 81695 a composite number?
True
Is 5627 prime?
False
Is 267 composite?
True
Is 2821267 composite?
False
Is 8339 a prime number?
False
Is 22969 a prime number?
False
Is 1038563 a composite number?
False
Is 1697053 a composite number?
False
Is 19661 prime?
True
Is 52791 composite?
True
Is 5003 prime?
True
Is 12869 a prime number?
False
Is 365747 a composite number?
False
Is 98617 composite?
True
Is 26603 composite?
True
Is 1082881 composite?
False
Is 1470559 a prime number?
True
Is 198337 a composite number?
False
Is 10243 a prime number?
True
Is 1470278 a prime number?
False
Is 75131 a prime number?
False
Is 46897 prime?
False
Is 13517 composite?
True
Is 116621 a composite number?
True
Is 522281 composite?
False
Is 18397 prime?
True
Is 871 a composite number?
True
Is 5371 a composite number?
True
Is 197943 composite?
True
Is 416069 a composite number?
True
Is 269801 composite?
True
Is 223 a composite number?
False
Is 268417 a composite number?
True
Is 601411 a prime number?
True
Is 70841 composite?
False
Is 37678 composite?
True
Is 737 a prime number?
False
Is 7039 composite?
False
Is 752771 composite?
False
Is 140401 a composite number?
False
Is 9874 a prime number?
False
Is 3992